hen 1159200 is divided by 1334.
1288
What is the remainder when 455992 is divided by 30?
22
What is the remainder when 1943125 is divided by 683?
673
Calculate the remainder when 926749 is divided by 117.
109
What is the remainder when 461792 is divided by 30786?
2
What is the remainder when 12938448 is divided by 175?
173
Calculate the remainder when 1414192 is divided by 3617.
3562
Calculate the remainder when 2898611 is divided by 648.
107
Calculate the remainder when 273364 is divided by 136680.
4
What is the remainder when 287894 is divided by 287875?
19
What is the remainder when 21251727 is divided by 8099?
8050
What is the remainder when 20619 is divided by 6307?
1698
Calculate the remainder when 8229408 is divided by 2743135.
3
Calculate the remainder when 2500160 is divided by 167.
3
What is the remainder when 28985269 is divided by 536764?
13
Calculate the remainder when 86667911 is divided by 815.
811
What is the remainder when 3300139 is divided by 1103?
1066
Calculate the remainder when 5300 is divided by 1704.
188
What is the remainder when 169216 is divided by 2644?
0
What is the remainder when 799746 is divided by 9149?
3783
Calculate the remainder when 3048 is divided by 955.
183
What is the remainder when 8146905 is divided by 154?
151
What is the remainder when 337889 is divided by 12967?
747
What is the remainder when 545864 is divided by 6975?
1814
What is the remainder when 4715126 is divided by 3131?
2971
What is the remainder when 38070 is divided by 954?
864
Calculate the remainder when 465565 is divided by 7632.
13
What is the remainder when 2633216 is divided by 1316594?
28
What is the remainder when 2531441 is divided by 1265710?
21
What is the remainder when 4499336 is divided by 587?
568
Calculate the remainder when 7856531 is divided by 130.
111
What is the remainder when 103335590 is divided by 161?
155
What is the remainder when 3841922 is divided by 2764?
2726
Calculate the remainder when 972573 is divided by 49.
21
Calculate the remainder when 71731 is divided by 2989.
2984
Calculate the remainder when 56142 is divided by 3867.
2004
Calculate the remainder when 2451000 is divided by 1671.
1314
Calculate the remainder when 486798 is divided by 243363.
72
What is the remainder when 35100086 is divided by 1691?
1690
What is the remainder when 3816967 is divided by 763390?
17
Calculate the remainder when 748802 is divided by 658.
656
What is the remainder when 1223325 is divided by 513?
333
What is the remainder when 2824462 is divided by 141223?
2
What is the remainder when 15860238 is divided by 217263?
39
What is the remainder when 174425 is divided by 14534?
17
What is the remainder when 36602083 is divided by 101?
87
Calculate the remainder when 31517 is divided by 2355.
902
Calculate the remainder when 100244 is divided by 98628.
1616
What is the remainder when 65191 is divided by 49?
21
Calculate the remainder when 2914924 is divided by 42245.
19
What is the remainder when 292225 is divided by 379?
16
Calculate the remainder when 128165 is divided by 31864.
709
Calculate the remainder when 655636 is divided by 163614.
1180
Calculate the remainder when 31698608 is divided by 2229.
2228
What is the remainder when 57672 is divided by 860?
52
Calculate the remainder when 49711 is divided by 9735.
1036
What is the remainder when 1428629 is divided by 189?
167
What is the remainder when 43500 is divided by 6187?
191
What is the remainder when 171714 is divided by 57233?
15
Calculate the remainder when 487022 is divided by 5.
2
Calculate the remainder when 7446200 is divided by 5086.
296
What is the remainder when 88054 is divided by 17389?
1109
What is the remainder when 218697 is divided by 4651?
100
Calculate the remainder when 15713 is divided by 2509.
659
What is the remainder when 4065689 is divided by 1784?
1737
Calculate the remainder when 39332764 is divided by 73.
72
Calculate the remainder when 3263121 is divided by 188.
5
What is the remainder when 59963 is divided by 14982?
35
Calculate the remainder when 34251 is divided by 3425.
1
What is the remainder when 614409 is divided by 3517?
2451
Calculate the remainder when 274080 is divided by 24531.
4239
What is the remainder when 11037047 is divided by 28084?
35
Calculate the remainder when 33877526 is divided by 104560.
86
Calculate the remainder when 3108596 is divided by 1221.
1151
What is the remainder when 47899497 is divided by 2993718?
9
What is the remainder when 96044 is divided by 3309?
83
What is the remainder when 30878067 is divided by 88?
11
What is the remainder when 2142338 is divided by 141?
125
Calculate the remainder when 12413932 is divided by 539735.
27
What is the remainder when 5798562 is divided by 2960?
2882
Calculate the remainder when 3535094 is divided by 1022.
1018
What is the remainder when 80341199 is divided by 360?
359
What is the remainder when 2301397 is divided by 2301381?
16
Calculate the remainder when 55732 is divided by 1267.
1251
What is the remainder when 6510 is divided by 6033?
477
Calculate the remainder when 159366 is divided by 52401.
2163
What is the remainder when 123113 is divided by 1021?
593
What is the remainder when 1090342 is divided by 780?
682
What is the remainder when 264658 is divided by 2848?
2642
Calculate the remainder when 7765760 is divided by 194143.
40
Calculate the remainder when 236823 is divided by 466.
95
What is the remainder when 157195 is divided by 22235?
1550
What is the remainder when 1150774 is divided by 8?
6
What is the remainder when 2046497 is divided by 103?
93
What is the remainder when 4565666 is divided by 737?
688
Calculate the remainder when 332229026 is divided by 3104944.
18
Calculate the remainder when 73906730 is divided by 9.
8
What is the remainder when 36969706 is divided by 421?
12
Calculate the remainder when 2747623 is divided by 117.
112
Calculate the remainder when 10733370 is divided by 2146672.
10
Calculate the remainder when 16223989 is divided by 691.
0
Calculate the remainder when 80284 is divided by 12655.
4354
Calculate the remainder when 7412 is divided by 3584.
244
What is the remainder when 2238212 is divided by 118?
106
Calculate the remainder when 332601 is divided by 55177.
1539
What is the remainder when 91509 is divided by 29?
14
What is the remainder when 7423629 is divided by 265129?
17
What is the remainder when 3569656 is divided by 51?
13
Calculate the remainder when 361121247 is divided by 1879.
1874
Calculate the remainder when 9631012 is divided by 633.
550
What is the remainder when 89298348 is divided by 14709?
9
Calculate the remainder when 148617707 is divided by 74308851.
5
Calculate the remainder when 15179327 is divided by 18.
17
Calculate the remainder when 2079121 is divided by 828.
13
What is the remainder when 11346547 is divided by 1128?
1123
What is the remainder when 74462 is divided by 421?
366
What is the remainder when 68907 is divided by 14892?
9339
Calculate the remainder when 237043 is divided by 1063.
1057
Calculate the remainder when 670312 is divided by 944.
72
What is the remainder when 24486408 is divided by 249?
246
Calculate the remainder when 19219 is divided by 1448.
395
Calculate the remainder when 943506 is divided by 3276.
18
What is the remainder when 2882867 is divided by 1441417?
33
What is the remainder when 874268 is divided by 160?
28
What is the remainder when 2885320 is divided by 2884614?
706
Calculate the remainder when 386762 is divided by 25.
12
What is the remainder when 10300898 is divided by 26?
10
What is the remainder when 10034012 is divided by 852?
8
What is the remainder when 112356 is divided by 969?
921
What is the remainder when 1358402 is divided by 3537?
194
Calculate the remainder when 6124 is divided by 399.
139
Calculate the remainder when 3453533 is divided by 111403.
40
Calculate the remainder when 3640115 is divided by 1445.
160
What is the remainder when 25555291 is divided by 2435?
2401
Calculate the remainder when 13773476 is divided by 1219.
1214
Calculate the remainder when 534930479 is divided by 6804.
6803
Calculate the remainder when 1548719 is divided by 119130.
29
What is the remainder when 151599816 is divided by 585?
576
Calculate the remainder when 42